 is divided by 6?
5
Let z(m) = -2*m. Let s(n) = n - 4. Let f be s(4). What is the remainder when (1 - 9)*(-2 + f) is divided by z(-3)?
4
Let n(g) = g**3 + 7*g**2 + 4*g - 5. What is the remainder when n(-6) is divided by 4?
3
Let c(i) = 10*i - 10. What is the remainder when c(5) is divided by 14?
12
Suppose -2*u - 6 = 2*v, -2*v = 3*v - 2*u - 20. Suppose 4*k = 2*n + 34, 4*n - 22 = -4*k + v*k. Calculate the remainder when 15 is divided by k.
6
Suppose 19 = 4*m - 5*s, -5*m - 3 = -3*m - 5*s. Calculate the remainder when 65 is divided by m.
10
Let c(u) = -u + 12. Let z(h) = -h - 1. Let r(y) = c(y) - 2*z(y). Suppose m + 2*m = -21. What is the remainder when r(m) is divided by 4?
3
Let v = 10 - 8. Suppose -4*c + 14 = -v*c. Calculate the remainder when (-20 + -2)/(-1) - 2 is divided by c.
6
Let j = -1 + 2. Let c = -54 - -42. What is the remainder when 33 is divided by (0 + -1)/(j/c)?
9
Let s = -7 - -15. Calculate the remainder when 38 is divided by s.
6
Let y = 88 - 48. Calculate the remainder when 74 is divided by y.
34
Suppose 3*b - 30 = -2*n, -26 = 5*n - 11. Calculate the remainder when b is divided by 7.
5
Let j be 1/((-25)/(-24) + -1). Suppose 2*y - j = -3*v + 4*v, -5*v = -10. What is the remainder when y is divided by 4?
1
Suppose -z = 2*t - 3, 2*z = -2*t + 8 + 8. Let n(q) = -2*q - 12. Calculate the remainder when z is divided by n(-10).
5
Let x be 42/(-7)*(-2)/6. Let h(q) = q**3 - q**2 + 4*q - 3. Let t be h(x). What is the remainder when 29 is divided by (-51)/(-6) - t/(-6)?
9
Let h(c) = -c**3 - 12*c**2 - 4*c - 4. Suppose 13 = -2*t - 11. Calculate the remainder when h(-12) is divided by (0 + -5)/(4/t).
14
Let a = -10 - -4. Let l = a + 21. What is the remainder when 43 is divided by l?
13
Let b(q) be the first derivative of -q**4/4 - q**3 + q**2/2 + q - 1. Suppose -2*z = 14 - 6. What is the remainder when 25 is divided by b(z)?
12
Suppose -3 + 19 = 4*s. Calculate the remainder when 13 is divided by s.
1
Let g(p) = 35*p - 4. What is the remainder when g(2) is divided by 19?
9
Let r be 0/(((-9)/(-3))/(-3)). Suppose -c + 19 + 7 = r. Calculate the remainder when c is divided by 9.
8
Let f = 144 + -101. What is the remainder when f is divided by 15?
13
Let g be (-11)/((-11)/5 - -2). Suppose 0 = -4*c - g + 427. What is the remainder when c is divided by 24?
21
Suppose -3*f = -6*f + 42. Suppose 3*s = -6, -q = -3*s + 1 - 46. Calculate the remainder when q is divided by f.
11
Suppose 584 = 3*z + o, -2*z - o + 212 + 177 = 0. Calculate the remainder when 31 is divided by z/12 + (-1)/4.
15
Let d(j) = 4*j - 28. Calculate the remainder when 69 is divided by d(13).
21
Suppose 2*i - 2 - 2 = 0. Suppose -i*j = -5*j + 75. Calculate the remainder when j is divided by 9.
7
Let k(y) = -y**3 - 5*y**2 + 2*y - 7. What is the remainder when 50 is divided by k(-6)?
16
Suppose 0 = 5*l - 4*o - 16, 5*l - 3*o + 8*o + 20 = 0. Suppose 3*g + 3*a + 0*a - 63 = l, 4*g = 3*a + 84. Calculate the remainder when g is divided by 12.
9
Calculate the remainder when 77 is divided by 63/5 - 14/(-35).
12
Calculate the remainder when 46 is divided by 2/4*(0 + 48).
22
Calculate the remainder when 206 is divided by 206/4 - (-2)/4.
50
Calculate the remainder when (-308)/6*(-6)/4 is divided by 20.
17
Let d = -9 + 44. What is the remainder when d is divided by 9?
8
Let j = -154 - -218. What is the remainder when 27 is divided by (j/80)/((-2)/(-25))?
7
Let g be (0 + -3 - -3) + 3. Suppose -3*i = -g*v - 36, -4*i = -i + 3*v - 30. Calculate the remainder when 19 is divided by i.
8
Let c(s) = -s**2 - 8*s + 11. Let g be (1 + -2)/((-1)/12). Let v be g*2*(-1)/3. What is the remainder when c(v) is divided by 4?
3
Let d = -18 - -26. What is the remainder when d/(-4) - -5*22 is divided by 37?
34
Let u(f) be the first derivative of f**3/2 - f**2 + 2*f - 2. Let s(n) be the first derivative of u(n). What is the remainder when s(5) is divided by 5?
3
Let k = -33 + 50. Calculate the remainder when 33 is divided by k.
16
Suppose 5*k + 168 = 6*k. Suppose -x - x = -k. Let j = x - 51. Calculate the remainder when j is divided by 9.
6
Let a(l) = -l**2 + 16*l - 11. Let h be a(10). Let o = h + -14. What is the remainder when o is divided by 18?
17
Let r be 8 - -1 - 2/2. Let m = r + -5. Calculate the remainder when 7 is divided by m.
1
Suppose 20 = 5*k - 4*m - 100, 4*m = 3*k - 72. Calculate the remainder when 68 is divided by k.
20
Let j(v) be the first derivative of 2*v**3/3 + 5*v**2/2 - 3*v - 4. Calculate the remainder when 15 is divided by j(-4).
6
Suppose 3*o + 4*c - 32 = 0, 2*o + 2 = c + c. Suppose -36 = -2*t + 2*x, o*x - 26 = -2*t + 4. Let k = t + -7. What is the remainder when k is divided by 4?
2
Let m(h) = -h**2 + 5*h + 8. Let f be m(6). Suppose -2*q + 24 = f*w, -4*q - 33 + 4 = -3*w. Calculate the remainder when w is divided by 6.
5
Calculate the remainder when 1/(1/(-24)*-4) is divided by 2.
0
Let q be 1*13*(-9 + 12). Suppose q - 6 = 2*h - 5*k, 2*h + 5*k = 23. What is the remainder when 54 is divided by h?
12
Suppose 4*s + n - 156 = -3*n, -n = 2. Let m = -4 - -19. Calculate the remainder when s is divided by m.
11
Let o(a) = a + 32. Suppose -3*t + 4*n + n = 24, -3*t = 3*n. Calculate the remainder when o(0) is divided by 34/3 + 1/t.
10
Suppose 2*v = -2*u - 10, 0 = -0*v - 4*v + 4*u + 12. Suppose 5*z - 5*h = 35, -19 = -3*z - h + 5*h. What is the remainder when z is divided by 6 + v - 0/(-3)?
4
Let p(i) = i + 20. Let d(c) = 2*c + 41. Let l(u) = -4*d(u) + 9*p(u). Let z be l(-10). Let w = 21 + z. What is the remainder when w is divided by 14?
13
Suppose 3*x - x = 32. Calculate the remainder when 47/(4 + (0 - 3)) is divided by x.
15
Let w = 19 + -2. Suppose -5*m + 73 = -w. What is the remainder when m is divided by 5?
3
Let t(n) = -n**3 - 9*n**2 - 8*n - 6. Let y be t(-8). Calculate the remainder when (-10)/y*(5 - 2) is divided by 2.
1
Let w = 11 - 2. Suppose -4*r + 5*y = -90, r - 35 = -0*r - 5*y. Let f = r + 1. What is the remainder when f is divided by w?
8
Suppose 3*g - 5 = 7. Suppose -115 = -5*h + 5*l, -5*l = -4*h - g*l + 89. Suppose h = 4*v - 46. What is the remainder when v is divided by 6?
5
Let p = -10 + 26. Suppose -p = -2*t - g + 2*g, -3*t = -3*g - 30. Let a(r) = -r**3 + 5*r**2 + 8*r - 8. Calculate the remainder when a(t) is divided by 2.
0
Suppose 4*h - 19 = -3. Let v(c) = -2 + h + c + 2*c**2 + 0*c**2 + 4*c**2. What is the remainder when v(-3) is divided by 14?
11
Let r be (4/(-6))/(6/9). Let k(m) = 8*m**2. Let p(w) = -w**3 - w**2 + 4. What is the remainder when p(-3) is divided by k(r)?
6
Let w = -63 + 118. Let y = -357 - -385. Calculate the remainder when w is divided by y.
27
Suppose -o + 3*y - 18 = -3, 0 = o - 2*y + 11. Let w = -121 + 122. Calculate the remainder when 2/o*6/(-4) is divided by w.
0
Let f(w) = w - 4. Let z be f(6). Suppose z*l - 81 = -3*l + 2*q, -q = l - 19. What is the remainder when l is divided by 9?
8
Let m(f) = f**3 - 2*f**2 - f + 6. What is the remainder when m(4) is divided by 5?
4
Suppose -2*q - 4*t = -q + 3, 5*t = 3*q - 42. Let d = 29 + q. Calculate the remainder when d is divided by ((-2)/6)/(1/(-39)).
12
Let t(p) = -p**3 + 6*p**2 - 7*p + 5. Calculate the remainder when t(4) is divided by (-10)/(-60) - 29/(-6).
4
What is the remainder when 155 + ((-10)/5 - -6) is divided by 18?
15
Let s(a) = -a**3 + 7*a**2 - 3*a. Let t = -23 - -29. Calculate the remainder when 70 is divided by s(t).
16
Let q be 4/(12/9) + 0. Let v be (0/((-3)/q))/2. What is the remainder when 40 is divided by (14/(-5) + v)*-5?
12
Calculate the remainder when 0 + (-2)/(-3)*75 is divided by (4/(-6))/((-14)/357).
16
Let s = 66 - 8. What is the remainder when 287 is divided by s?
55
Let a = 6 + -15. Let t(c) = -c**2 - 11*c - 1. Calculate the remainder when t(a) is divided by 5.
2
Suppose -5*y + 206 = t - 226, -2*y + 174 = t. What is the remainder when y is divided by 22?
20
Let g(u) = -u**2 + 13*u - 11. Let b be g(12). Calculate the remainder when (-4)/(-1*b/6) is divided by 9.
6
Suppose -5*i = -3*i - 6. Let b = 10 - i. Let z = b - 4. What is the remainder when 7 is divided by z?
1
Calculate the remainder when 87 is divided by 3*7*72/84.
15
Let c = -13 + 22. What is the remainder when 22 is divided by c?
4
Suppose 0 = -2*v - 4*m + 30, 0 = -2*v + 3*v + 3*m - 13. Let u = v - -2. What is the remainder when u is divid